6
Let d(n) = 3*n**2 - 2*n - 53. Give d(7).
80
Let s(q) = 9*q + 139. Determine s(0).
139
Let q(w) = -w**3 - 5*w**2 - 25*w + 45. Give q(3).
-102
Let x(r) = -232*r - 12291. Determine x(-53).
5
Let w(b) = b**3 + 88*b**2 - 979*b + 108. Determine w(-98).
10
Let f(t) = -1838*t + 99250. Give f(54).
-2
Let l(p) = -2*p**3 + 286*p**2 - 2*p + 286. Calculate l(143).
0
Let t(n) = 3*n**3 + 2*n**2 - 19*n - 45. What is t(-2)?
-23
Let r(o) = -2*o**2 - 135*o + 803. Determine r(-73).
0
Let t(j) = -84*j - 590. Give t(-7).
-2
Let q(l) = -2*l**3 + 662*l**2 - 3261*l + 325. Determine q(326).
-1
Let v(a) = 67*a - 4355. Give v(65).
0
Let q(g) = 3*g**3 - 14*g**2 + 164*g - 636. What is q(4)?
-12
Let y(d) = 110*d**3 + 2*d**2 + 9*d - 17. Determine y(2).
889
Let g(s) = 673*s - 76716. Give g(114).
6
Let s(i) = -8*i**2 - 197*i + 91. Determine s(-25).
16
Let m(a) = -263*a - 1030. Determine m(-4).
22
Let n(x) = 27*x + 45. Determine n(4).
153
Let z(d) = -9*d**2 + 466*d - 172. What is z(51)?
185
Let g(y) = -569*y - 13240. Determine g(-23).
-153
Let g(x) = 3*x**2 - 5965*x - 65985. Determine g(-11).
-7
Let z(t) = t**3 + 10*t**2 + 32*t + 75. Calculate z(-7).
-2
Let t(f) = f**2 + 313*f - 5953. Calculate t(18).
5
Let g(q) = -12*q**2 + 2505*q + 3144. Give g(210).
-6
Let g(p) = -2*p**3 - 5*p**2 + 2*p + 24. What is g(5)?
-341
Let i(m) = 2489*m - 179210. Give i(72).
-2
Let b(l) = l**2 - 197*l + 5790. Calculate b(36).
-6
Let k(x) = x**3 + 6*x**2 + 9*x + 96. Determine k(-10).
-394
Let u(q) = 47*q - 515. Calculate u(11).
2
Let f(c) = -6305*c + 18882. Give f(3).
-33
Let p(l) = 5*l**2 - 158*l - 137. Give p(33).
94
Let a(v) = -53*v + 94. Calculate a(2).
-12
Let y(w) = -30*w - 429. Give y(0).
-429
Let n(d) = 2*d**3 - 3*d**2 - 257*d + 509. Determine n(2).
-1
Let b(p) = -10*p**2 - 94*p - 23. Give b(-10).
-83
Let a(v) = -119*v - 6321. Calculate a(-53).
-14
Let w(l) = -107*l**2 + 169*l + 348. Determine w(-2).
-418
Let j(w) = 3*w**2 + 59*w + 131. Calculate j(-16).
-45
Let d(z) = -9*z**2 + 1796*z + 563. What is d(200)?
-237
Let w(v) = -v**3 - 33*v**2 - 134*v + 187. Calculate w(-28).
19
Let s(d) = -111*d - 1169. Give s(-12).
163
Let g(q) = -2*q**3 - 2*q**2 + 703*q + 2075. Calculate g(-3).
2
Let a(o) = 81*o + 3950. Give a(-49).
-19
Let w(c) = 76*c - 1364. Determine w(18).
4
Let n(v) = -2*v**2 + 36*v - 105. Calculate n(5).
25
Let l(r) = -2*r**3 - 10*r**2 + 20*r - 5. Calculate l(2).
-21
Let t(u) = -u**2 + 53*u + 1694. Determine t(76).
-54
Let j(g) = g**3 - 7*g**2 - 2*g + 2. What is j(-1)?
-4
Let i(a) = 15*a - 115. Give i(6).
-25
Let f(m) = 303*m - 11783. Calculate f(39).
34
Let y(f) = -207*f + 4331. Calculate y(18).
605
Let g(v) = v**3 - 2*v**2 + 60*v - 1132. What is g(9)?
-25
Let g(n) = -n**2 - 26*n + 111. Determine g(4).
-9
Let q(m) = -m**3 - 14*m**2 + 98*m - 16. Determine q(-19).
-73
Let k(i) = -14*i**3 - 69*i**2 + 5*i - 4. Calculate k(-5).
-4
Let r(c) = c**3 + 47*c**2 + 221*c + 462. What is r(-42)?
0
Let z(f) = -25*f + 7. Calculate z(0).
7
Let q(f) = 6*f**3 - 17*f**2 - 64*f + 1. Give q(-3).
-122
Let g(x) = -x**3 + 21*x**2 - 27*x - 17. Determine g(20).
-157
Let x(f) = -3*f**2 - 96*f - 398. Calculate x(-27).
7
Let n(x) = x**3 - 38*x**2 - 42*x + 101. What is n(39)?
-16
Let l(m) = -2*m**2 + 2*m + 322. Determine l(17).
-222
Let s(i) = -3*i**2 - 187*i - 2119. What is s(-48)?
-55
Let w(b) = -b**3 - 60*b**2 - 9*b - 55. Give w(-60).
485
Let u(y) = -5*y - 348. Calculate u(0).
-348
Let z(r) = r**3 + 113*r**2 - 36*r - 4117. Give z(-113).
-49
Let i(d) = 2105*d + 10531. Calculate i(-5).
6
Let a(b) = -b**3 + 17*b**2 + 188*b - 80. Determine a(-8).
16
Let j(h) = -h**3 + 9*h**2 + 27*h + 3. Give j(11).
58
Let q(g) = -176*g + 257. Determine q(2).
-95
Let x(y) = -64*y - 254. What is x(-15)?
706
Let f(b) = 3*b**3 + 21*b**2 - 2*b - 17. Give f(-7).
-3
Let a(d) = 110*d**3 + 114*d**2 - 5*d - 6. Determine a(-1).
3
Let a(o) = -o**3 + 107*o**2 - 209*o + 48. Give a(105).
153
Let v(a) = -8*a**2 + 35*a - 256. Calculate v(7).
-403
Let j(b) = 183*b - 3669. Determine j(20).
-9
Let q(w) = 8*w**3 + 128*w**2 + 4*w - 3. Determine q(-16).
-67
Let s(y) = 4*y**3 + 2*y**2 - 485*y + 483. What is s(1)?
4
Let h(y) = -82*y - 2802. What is h(-34)?
-14
Let b(q) = 8*q**2 + 78*q + 40. What is b(-9)?
-14
Let x(y) = y**3 - 8*y**2 - 108*y - 14. Give x(-7).
7
Let i(o) = 17*o + 230. Calculate i(-12).
26
Let q(a) = -18*a**2 + 288*a - 857. Give q(12).
7
Let a(f) = 50*f - 1355. Calculate a(27).
-5
Let c(h) = h**2 - 75*h - 262. Calculate c(79).
54
Let k(x) = -129*x + 14451. Give k(112).
3
Let b(j) = 760*j + 5312. Determine b(-7).
-8
Let r(w) = 32*w**2 - 230*w + 323. What is r(5)?
-27
Let g(c) = 76*c + 2429. Determine g(-32).
-3
Let x(d) = 46*d - 785. Determine x(26).
411
Let o(u) = 3*u**2 + 75*u + 230. Determine o(-22).
32
Let b(c) = 38*c + 668. Give b(-57).
-1498
Let y(w) = 4*w**2 + 19*w + 153. What is y(-13)?
582
Let y(m) = -2*m**2 + 61*m + 375. What is y(-5)?
20
Let c(h) = -140*h - 964. Calculate c(-5).
-264
Let f(r) = -2228*r + 140369. What is f(63)?
5
Let i(f) = f**2 - f + 149. What is i(10)?
239
Let j(p) = 2*p**3 - 6*p**2 - 6*p + 11. Determine j(5).
81
Let o(i) = i**3 + 30*i**2 + 144*i - 14. Calculate o(-24).
-14
Let z(m) = 16*m**3 - 4*m**2 - 16*m + 16. What is z(1)?
12
Let j(v) = v**3 - 13*v**2 - 5*v - 76. What is j(14)?
50
Let q(u) = -787*u - 449. What is q(-1)?
338
Let d(k) = -2*k**2 + 66*k + 81. What is d(35)?
-59
Let d(m) = -214*m**3 - 11*m + 9. Determine d(1).
-216
Let h(z) = 1234*z + 16033. Calculate h(-13).
-9
Let q(l) = -136*l - 111. Calculate q(-3).
297
Let g(f) = f**2 + 28*f + 62. Give g(-26).
10
Let o(g) = 3*g**3 - 44*g**2 + 151*g - 22. Calculate o(5).
8
Let w(p) = -2*p**3 + 33*p**2 + 4*p - 138. Determine w(17).
-359
Let b(n) = 149*n + 731. Give b(-5).
-14
Let p(k) = -4*k**3 - 70*k**2 - 20*k + 208. Calculate p(-17).
-30
Let t(w) = -274*w + 1112. Give t(4).
16
Let h(k) = -300*k + 2696. Determine h(9).
-4
Let n(v) = -2*v**2 - 39*v + 1391. Give n(18).
41
Let q(r) = r**3 - 10*r**2 + 18*r - 208. Calculate q(8).
-192
Let g(n) = -95*n - 7709. Determine g(-81).
-14
Let v(h) = -27*h**2 + 695*h + 125. Give v(26).
-57
Let t(s) = 12*s**2 - 109*s + 46. Give t(9).
37
Let q(d) = -d**3 + 33*d**2 - 33*d - 47. Give q(32).
-79
Let n(k) = -3*k**2 - 156*k + 3276. Calculate n(-68).
12
Let o(y) = 39*y**2 - 18*y - 34. Calculate o(1).
-13
Let u(s) = s**3 - 8*s**2 - 24*s - 331. Calculate u(12).
-43
Let z(m) = -m**2 - 8*m + 59. Give z(7).
-46
Let x(d) = -d**2 + 29*d - 51. Give x(28).
-23
Let k(l) = l**2 + 181*l + 9. Give k(0).
9
Let h(y) = 17*y**2 + 209*y + 60. Determine h(-12).
0
Let y(l) = l**3 - 50*l**2 + 120*l + 986. Give y(47).
-1
Let x(o) = -o**3 + 5*o**2 + 33*o - 128. Determine x(4).
20
Let z(v) = 18*v**2 - 2396*v + 255. Give z(133).
-11
Let o(j) = 661*j - 6059. Give o(9).
-110
Let c(r) = 3122*r - 62441. Give c(20).
-1
Let m(p) = -30*p**3 - 27*p**2 + 65*p - 13. Calculate m(2).
-231
Let t(l) = -l**3 - 11*l**2 - 35*l - 16. Determine t(-5).
9
Let x(v) = -v**2 + 42*v - 208. Determine x(0).
-208
Let w(q) = -q**3 - 2*q**2 - 67*q - 136. Determine w(-2).
-2
Let x(r) = r**3 + 63*r**2 + 949*r - 37. Determine x(-38).
1
Let f(c) = -c**2 + 109*c + 5217. Calculate f(145).
-3
Let d(m) = -9*m + 356. Give d(38).
14
Let g(d) = 24*d**2 - 119*d + 12. Calculate g(5).
17
Let p(w) = 713*w + 17782. Determine p(-25).
-43
Let l(m) = m**3 - 15*m**2 + 43*m - 23. Determine l(3).
-2
Let z(r) = 9*r**3 + 54*r**2 - 139*r - 17. Determine z(2).
-7
Let r(w) = -2*w**3 - 15*w**2 - 38*w - 167. Calculate r(-8).
201
Let f(o) = 2*o**2 - 2689*o - 16129. Give f(-6).
77
Let p(x) = 56*x - 4822. Calculate p(86).
-6
Let w(t) = -t**3 - 3*t**2 - 7*t + 3. Determine w(0).
3
Let z(s) = s**2 + 22*s - 39. Determine z(-22).
-39
Let z(m) = 2*m**3 + 19*m**2 - 27*m - 389. Give z(-10).
-219
Let h(m) = 58*m - 54. Determine h(-4).
-286
Let s(l) = l**3 + 27*l**2 + 55*l + 135. Calculate s(-25).
10
Let h(b) = -24*b**2 - 45*b + 2. What is h(-2)?
-4
Let a(r) = -r**3 + 7*r**2 - 24*r - 89. Give a(-4).
183
Let j(s) = -s**2 + 15*s + 360. Give j(-11).
74
Let g(a) = 24*a**2 - 100*a - 22. Calculate g(7).
454
Let h(i) = i**3 - 25*i**2 - 49*i - 200. Give h(27).
-65
Let q(y) = -y**3 - 16*y**2 + 69*y + 18. Give q(-19).
-210
Let m(a) = a**3 - 59*a**2 + 210*a + 306. Give m(5).
6
Let z(u) = 17*u**2 + 51*u + 222. Calculate z(-4).
290
Let 